{"id":3850,"date":"2025-10-27T08:53:01","date_gmt":"2025-10-27T07:53:01","guid":{"rendered":"https:\/\/kamingroup.zsiraiandras.com\/?post_type=product&#038;p=3850"},"modified":"2026-06-09T13:32:47","modified_gmt":"2026-06-09T11:32:47","slug":"feher-kor-alaku-fali-legracs-200","status":"publish","type":"product","link":"https:\/\/demo.kamingroup.hu\/en\/webshop\/feher-kor-alaku-fali-legracs-200\/","title":{"rendered":"K\u00f6r alak\u00fa m\u0171anyag fali szell\u0151z\u0151r\u00e1cs (feh\u00e9r)"},"content":{"rendered":"<p>A kerek m\u0171anyag szell\u0151z\u0151r\u00e1cs kiv\u00e1l\u00f3 min\u0151s\u00e9g\u0171, UV-\u00e1ll\u00f3 anyagb\u00f3l k\u00e9sz\u00fcl, amely ellen\u00e1ll a napsug\u00e1rz\u00e1s okozta fakul\u00e1snak \u00e9s deform\u00e1ci\u00f3nak. Tart\u00f3s, eszt\u00e9tikus \u00e9s ide\u00e1lis megold\u00e1s.<\/p>","protected":false},"excerpt":{"rendered":"<p>A kerek m\u0171anyag szell\u0151z\u0151r\u00e1cs kiv\u00e1l\u00f3 min\u0151s\u00e9g\u0171, UV-\u00e1ll\u00f3 anyagb\u00f3l k\u00e9sz\u00fcl, amely ellen\u00e1ll a napsug\u00e1rz\u00e1s okozta fakul\u00e1snak \u00e9s deform\u00e1ci\u00f3nak. Tart\u00f3s, eszt\u00e9tikus \u00e9s ide\u00e1lis megold\u00e1s.<\/p>","protected":false},"featured_media":1141,"template":"","meta":[],"product_brand":[],"product_cat":[81,318,299,231,322],"product_tag":[],"class_list":["post-3850","product","type-product","status-publish","has-post-thumbnail","product_cat-hybalans-szellozteto-rendszerek","product_cat-stabile-air-roof","product_cat-stabile-hoszivattyu-es-napelem-kiegeszitok","product_cat-stabile-sky","product_cat-stabile-sky-stabile-air-roof","_wholesalex wsx-wholesalex-product","first","instock","taxable","shipping-taxable","purchasable","product-type-variable"],"_links":{"self":[{"href":"https:\/\/demo.kamingroup.hu\/en\/wp-json\/wp\/v2\/product\/3850","targetHints":{"allow":["GET"]}}],"collection":[{"href":"https:\/\/demo.kamingroup.hu\/en\/wp-json\/wp\/v2\/product"}],"about":[{"href":"https:\/\/demo.kamingroup.hu\/en\/wp-json\/wp\/v2\/types\/product"}],"wp:featuredmedia":[{"embeddable":true,"href":"https:\/\/demo.kamingroup.hu\/en\/wp-json\/wp\/v2\/media\/1141"}],"wp:attachment":[{"href":"https:\/\/demo.kamingroup.hu\/en\/wp-json\/wp\/v2\/media?parent=3850"}],"wp:term":[{"taxonomy":"product_brand","embeddable":true,"href":"https:\/\/demo.kamingroup.hu\/en\/wp-json\/wp\/v2\/product_brand?post=3850"},{"taxonomy":"product_cat","embeddable":true,"href":"https:\/\/demo.kamingroup.hu\/en\/wp-json\/wp\/v2\/product_cat?post=3850"},{"taxonomy":"product_tag","embeddable":true,"href":"https:\/\/demo.kamingroup.hu\/en\/wp-json\/wp\/v2\/product_tag?post=3850"}],"curies":[{"name":"wp","href":"https:\/\/api.w.org\/{rel}","templated":true}]}}

Kör alakú műanyag fali szellőzőrács (fehér)

<p>A kerek műanyag szellőzőrács kiváló minőségű, UV-álló anyagból készül, amely ellenáll a napsugárzás okozta fakulásnak és deformációnak. Tartós, esztétikus és ideális megoldás.</p>
